 40 = 0. Suppose -21 - 64 = 5*f. Let d = f - y. What are the prime factors of d?
31
What are the prime factors of (92/(-28) - -3) + (-10024)/(-98)?
2, 3, 17
List the prime factors of (78/(-4))/(6/(-128)).
2, 13
Let c = -1573 + 2696. List the prime factors of c.
1123
Let t(r) = r**3 + 4*r**2 - 8*r + 14. Let s be t(-6). Let u(w) = 2*w**2 + 17*w + 18. List the prime factors of u(s).
2, 3
Let l be (-2 + 1)/(2/4). Let y(b) = -23*b - 4. List the prime factors of y(l).
2, 3, 7
Let v(n) = n**2 + n - 16. Let m be v(6). Let j = m - -68. List the prime factors of j.
2, 47
Let u(s) = -76*s + 4. Let f be u(-1). Suppose 3*c = -f + 407. List the prime factors of c.
109
Let b(c) = 31*c + 14 - 10 + 4. Let q be b(-6). List the prime factors of 10/(-55) - q/11.
2
Let a = -397 - -251. Let u = 275 + a. List the prime factors of u.
3, 43
Let s = -63 - -315. Let r(p) = -p - 4. Let a be r(-6). Suppose -s = -4*t - a*t. List the prime factors of t.
2, 3, 7
Let n(a) = a - 8 + 2*a - 4*a. Let j be n(-10). Suppose 4*t - 52 = 5*w + 220, -2*t + j*w = -134. What are the prime factors of t?
3, 7
Let v = -88 + 132. Let w = v - 17. Let c = -9 + w. List the prime factors of c.
2, 3
Let t = -28 - -34. Let g = 1 + t. Suppose 2*x - g*x = -220. List the prime factors of x.
2, 11
Let u(d) = 2*d**3 + 49*d**2 + 6*d - 27. List the prime factors of u(-24).
3, 5
Suppose -9 = 5*g - 34. Suppose -306 = -4*f - 5*a - 122, -g*f = -3*a - 267. What are the prime factors of f?
3, 17
Let t = 10 - 6. Suppose -f - 6 = 2*z, -5*f - 8 = t*z - 2. List the prime factors of (-8)/16 + 21/f.
2, 5
Suppose 5*j - 21*j + 6944 = 0. List the prime factors of j.
2, 7, 31
Suppose 4*z - 50 = -z. Suppose 4*s + z = -s. What are the prime factors of (s + 3 + -2)*-7?
7
Let g = -19 - -33. List the prime factors of (g/3 - 4) + (-367)/(-3).
3, 41
List the prime factors of (18/(-9))/(10/(-19695)).
3, 13, 101
Let z = 832 + -432. List the prime factors of (12/10)/(12/z).
2, 5
Let d(v) = v**2 - 3*v + 4. Let f be d(2). Suppose 2*h - 25 = -5*p + f, 3*p = 4*h + 11. Suppose -3*w + 75 = 3*z - w, -15 = -p*w. What are the prime factors of z?
23
Let c = -305 + 2053. List the prime factors of c.
2, 19, 23
Let r be (3 + -2)/(11/297). Suppose -r = j - 158. List the prime factors of j.
131
Let c(a) = a**3 + 7*a**2 + 6*a + 5. Let q be c(-6). Suppose 5*f - 242 = -y, -q*f + 236 = 3*y - 0*y. What are the prime factors of f?
7
What are the prime factors of ((-1 - -4037) + -3)/((-3)/(-3))?
37, 109
Let k(v) = -3*v - 43. Let j be k(14). Let t = -65 - j. List the prime factors of t.
2, 5
Let d = -1260 - -2358. What are the prime factors of d?
2, 3, 61
Let v(j) = 2*j - 9. Let b be v(6). Let o = 8 - b. Suppose -2*p = -o*y - 32, -4*y - 16 = -0*y. List the prime factors of p.
2, 3
Let f(h) = -57*h - 7. Let u = -173 - -170. What are the prime factors of f(u)?
2, 41
Suppose 366 + 1744 = 2*s + 3*k, -4*s = 3*k - 4208. List the prime factors of s.
1049
Let h be 25*3*16/(-6). Let u = h + 340. Suppose -5*a + 20 = -u. What are the prime factors of a?
2
Let r = 310 - 161. List the prime factors of r.
149
Suppose 2*z - 90 = 5*z. Let o be 5/2*24/z. What are the prime factors of 145/10 - o/(-4)?
2, 7
Suppose -26*z + 13965 = -3663. List the prime factors of z.
2, 3, 113
Let f = 1636 - 1035. What are the prime factors of f?
601
Let q be 2/15*6*(-7 - -2). List the prime factors of (-14)/56 - 589/q.
3, 7
Suppose 0 = 4*f - 87 + 15. List the prime factors of (-57)/(-2) - 9/f.
2, 7
Suppose o + 2*u - 7 = -u, -3*o - 4*u = -21. Let m = o + -6. List the prime factors of (m - -1)*(5 + -4).
2
Let o(j) be the second derivative of j**5/20 - j**4 - 2*j**3 - j**2/2 - 6*j. Suppose -2*w + 5*w - 19 = -5*p, -w + 9 = p. What are the prime factors of o(w)?
2, 3
Suppose 0 = 4*a + 3*q + 30, a - q - 16 = 3*a. What are the prime factors of (-3 + -6)*30/a?
2, 3, 5
Let b = -1408 - -2031. What are the prime factors of b?
7, 89
Let x be 44*(2 + (-15)/6). Let h = -5 - x. Suppose 0 = -12*s + h*s - 60. What are the prime factors of s?
2, 3
Let z(s) = s - 10. Let b be z(9). Let f be 18 - (2 - (4 + b)). Let q = f - -6. What are the prime factors of q?
5
Let n(l) = l**2 + l + 3. Suppose -3*k - 12 = -24. Let u be n(k). Suppose z = -4*r, -5*r = 5*z - 22 - u. List the prime factors of z.
2, 3
Let b = 3 - 9. Let t(y) = 5*y**2 - 12*y + 17. Let d(l) = l**2 + 1. Let r(w) = -6*d(w) + t(w). What are the prime factors of r(b)?
47
Let h = 100 + 150. What are the prime factors of h?
2, 5
Let t(d) = 11*d**2 + 6*d - 5. Let a(v) = -v**2 - 9*v + 14. Let l be a(-11). Let z be t(l). What are the prime factors of z/35 + (-4)/(-10)?
19
Let y be 15 - 1 - (-2 + 1). Let n(s) = -1 + 4 + s + 3 - 4. List the prime factors of n(y).
17
Suppose 3*r - 4*f - 52 = 0, 28*f = 26*f + 4. Suppose 3*b + 4 = 7. Let a = r - b. List the prime factors of a.
19
What are the prime factors of 3 - (1 - -15*(1 - 35))?
2
What are the prime factors of 10/12 - 175826/(-84) - 6?
2, 3, 29
Suppose -4*t + m = 3*m - 24, 0 = -5*t + 4*m + 56. Let o(y) = -y**3 + 8*y**2 + 2*y - 2. List the prime factors of o(t).
2, 7
Let j = -23 + 16. Let d(x) be the second derivative of -x**3/6 - x**2 - 8*x. List the prime factors of d(j).
5
Suppose 13*f - 16*f - 258 = 0. Let s = -19 - f. Suppose 5*t - s - 143 = 0. What are the prime factors of t?
2, 3, 7
Suppose -a = 7*j - 11*j - 281, 2*a = -4*j + 562. What are the prime factors of a?
281
Let b = -714 + 1675. List the prime factors of b.
31
Let u(s) be the second derivative of s**4/6 + 22*s**3/3 - 15*s**2 + 8*s. What are the prime factors of u(-24)?
2, 3, 11
Suppose 0 = -s + 4*q + 7, -9 = -3*s - q - 1. Suppose s*t = 5*t + 28. Let m = t - -25. List the prime factors of m.
11
Let y(l) = -5*l - 27. Let x be y(-6). Suppose 4*o - x*u + 2*u - 38 = 0, -8 = -2*o - 5*u. List the prime factors of o.
3
Suppose 3*q - 3*x = -30, -3*q - 23 = x - 1. What are the prime factors of 9*23 + q*(-3)/(-6)?
7, 29
Suppose -9*o = -10*o + 203. Let v = 324 - o. List the prime factors of v.
11
Suppose -11*d + 14143 = 3165. List the prime factors of d.
2, 499
Let x = 9 - 5. Let f(i) = i**3 - 2*i**2 - 5*i + 7. Let q be f(3). Let l = q + x. List the prime factors of l.
5
Suppose v = 3*t - 25, -2*v - 30 = -4*t + v. Suppose 2*b = 2*p + 2, -2*p + 4*b = -7*p + 40. Suppose t = g - p. List the prime factors of g.
13
Suppose 0 = 2*t - 4702 - 1790. What are the prime factors of t?
2, 3, 541
Let m = 1 + 4. Let c(g) = -g**3 + 8*g**2 - 7*g + 19. List the prime factors of c(m).
59
Suppose -5*m = -2*m - 2*w + 21, -5*m + 5*w - 40 = 0. Let z(g) = 8*g**2 - 16*g - 44. List the prime factors of z(m).
2, 59
Let j = 7 + 269. List the prime factors of j.
2, 3, 23
Let t(x) = -4*x**3 + 4*x**2 + 3*x + 1. Let j be t(-1). What are the prime factors of 3/j*1 - (-806)/4?
2, 101
Let a = -2 - -2. Let y be 26/5 - (-3)/(-60)*4. Suppose y*g + 17 - 117 = a. What are the prime factors of g?
2, 5
Let c(d) = -4*d**2 - 6*d - 4. Let q be c(5). Let h = -130 - q. What are the prime factors of h?
2
Let s(o) = 16*o**3 + o**2 + o - 1. Let d be 2/6*(2 + 49). Let u = 18 - d. List the prime factors of s(u).
17
Suppose 0 = 2*b - 555 - 103. Let j = -190 + b. List the prime factors of j.
139
Suppose -5*o + 3*g = -17, g + 3*g = o. List the prime factors of (-120)/(-50)*10/o.
2, 3
Let v(f) = -f**3 + 21*f**2 - 13*f + 15. What are the prime factors of v(16)?
1087
Let d = 2538 - 1193. What are the prime factors of d?
5, 269
What are the prime factors of (-8549)/(-5) - (-188)/(-235)?
1709
Let z(c) = -2*c**2 + 27*c - 19. Let m(s) = -s**2 + 13*s - 9. Let k(i) = 7*m(i) - 4*z(i). What are the prime factors of k(17)?
13
Let m(j) = -2*j + 17. Let q be m(6). What are the prime factors of (-30)/75 - (-27)/q?
5
Let q be 159/15 - 6/10. What are the prime factors of 368/q + 24/120?
37
Let f be 2*(-2 - (-12)/4 - 0). Suppose 167 = 2*u - 3*r, 0 = -f*u - 3*r - 2*r + 159. What are the prime factors of u?
2, 41
Suppose 3*q - 333 - 84 = 0. Let x = q + -59. List the prime factors of x.
2, 5
Let i be 0*(-10)/6*3/(-15). Suppose 0 = -3*t - y + 24, 5*t + i*y = 2*y + 51. List the prime factors of t.
3
Suppose -5*t = -20, -5*d + 4*t = -10*d + 17351. What are the prime factors of d?
3467
Suppose 0*q = -4*q + 108. List the prime factors of (q/15 - 0)*15.
3
Suppose 52*n = 47*n + 990. What are the prime factors of n?
2, 3, 11
Suppose